192.
24
Calculate the greatest common divisor of 78556252 and 1156.
68
What is the highest common divisor of 7947552 and 128?
32
Calculate the greatest common factor of 1787319 and 51209.
1249
What is the greatest common divisor of 1655102 and 489?
163
What is the highest common divisor of 221960 and 13067?
179
Calculate the highest common factor of 57 and 18582927.
3
Calculate the greatest common divisor of 556856 and 208304.
376
Calculate the greatest common divisor of 63180455 and 326885.
3055
Calculate the greatest common factor of 199273 and 830633.
1973
Calculate the highest common divisor of 255 and 883983.
51
What is the highest common factor of 8913515 and 4030?
65
What is the greatest common divisor of 7103750 and 5000?
1250
What is the highest common divisor of 330 and 2249830?
110
Calculate the greatest common divisor of 12697748 and 1288.
644
Calculate the highest common factor of 8736 and 1915680.
1248
Calculate the highest common factor of 2198 and 122198909.
1099
Calculate the greatest common factor of 13601788 and 8507.
181
What is the highest common divisor of 57072 and 20013904?
656
Calculate the highest common factor of 9388845 and 17.
17
What is the highest common factor of 4393497 and 23268?
831
Calculate the highest common factor of 8 and 16730632.
8
Calculate the greatest common factor of 917 and 6321798.
917
Calculate the highest common divisor of 1128500 and 3500.
500
Calculate the highest common factor of 1551 and 3531.
33
Calculate the highest common factor of 98 and 24078698.
98
Calculate the greatest common factor of 51286074 and 56.
14
Calculate the highest common factor of 1743 and 448413.
21
Calculate the highest common factor of 2554 and 21467647.
1277
Calculate the greatest common factor of 5605 and 6431595.
95
What is the highest common factor of 1670 and 10234762?
334
What is the greatest common divisor of 21 and 92055243?
21
What is the highest common factor of 28068297 and 1191?
1191
What is the highest common divisor of 102249 and 1666280?
3787
What is the highest common factor of 79450 and 42639226?
3178
Calculate the highest common factor of 1537 and 1351835.
29
Calculate the greatest common factor of 525 and 1562610.
105
What is the greatest common factor of 24780255 and 860?
215
What is the highest common factor of 8439497 and 935?
187
What is the highest common divisor of 6380 and 8903?
29
Calculate the highest common factor of 9180 and 362280.
60
Calculate the highest common divisor of 1776887 and 637.
49
What is the greatest common factor of 106889640 and 156?
156
What is the greatest common factor of 67 and 31423?
67
Calculate the greatest common divisor of 411213 and 134079.
561
Calculate the highest common factor of 738588 and 3477.
183
What is the greatest common divisor of 2412 and 267033726?
1206
Calculate the highest common divisor of 105 and 26024019.
21
What is the highest common factor of 463481406 and 378?
54
Calculate the greatest common factor of 5226 and 67887482.
1742
What is the greatest common divisor of 8024 and 35904?
136
Calculate the greatest common factor of 13952575 and 8190.
455
What is the highest common divisor of 702 and 818766?
234
Calculate the highest common factor of 1942332 and 89376.
1596
Calculate the highest common divisor of 1184 and 3760310.
74
Calculate the highest common factor of 156373884 and 1971.
657
Calculate the greatest common factor of 51911542 and 112372.
4322
Calculate the greatest common factor of 46920060 and 900.
180
What is the highest common factor of 3150982 and 694472?
3694
What is the greatest common factor of 2522124495 and 495?
495
Calculate the greatest common divisor of 662697 and 261405.
1413
What is the greatest common divisor of 18352806 and 76788?
474
Calculate the highest common divisor of 103224 and 73577768.
1496
What is the greatest common factor of 1860 and 720285?
465
What is the greatest common factor of 9276 and 29982?
6
What is the highest common factor of 695519 and 29825?
1193
What is the highest common divisor of 4971510 and 640?
10
What is the greatest common divisor of 42685794 and 36?
18
Calculate the greatest common divisor of 6531 and 8049924.
933
What is the highest common factor of 441 and 289654092?
441
Calculate the highest common divisor of 115429141 and 7442.
3721
Calculate the highest common factor of 1309913 and 2167.
11
Calculate the greatest common factor of 819 and 3810989.
91
What is the highest common divisor of 6257717 and 867?
289
Calculate the highest common factor of 159265 and 31453335.
3005
What is the greatest common factor of 813582 and 8382?
66
Calculate the highest common factor of 4 and 5045200.
4
What is the greatest common divisor of 75 and 635226?
3
Calculate the highest common factor of 2698 and 66386.
38
What is the highest common factor of 172 and 23795297?
43
Calculate the greatest common factor of 3646024 and 20672.
2584
Calculate the highest common divisor of 79792491 and 2328.
291
What is the highest common factor of 184 and 278601208?
184
Calculate the greatest common divisor of 23074604 and 261.
29
Calculate the highest common factor of 3240 and 995490.
810
Calculate the greatest common divisor of 6656 and 108719.
13
What is the highest common divisor of 39 and 441821263?
13
What is the highest common divisor of 7877813 and 191239?
6169
Calculate the greatest common factor of 815041 and 21438.
397
What is the highest common factor of 824776 and 1944?
8
What is the highest common factor of 24 and 222810012?
12
What is the highest common factor of 42032730 and 450?
30
Calculate the highest common factor of 6963626 and 6.
2
Calculate the highest common factor of 40470 and 314070.
570
Calculate the highest common divisor of 26167512 and 1218.
1218
What is the greatest common divisor of 344410 and 1870?
110
Calculate the highest common factor of 35530 and 8838610.
2090
Calculate the highest common factor of 12165 and 16395.
15
Calculate the highest common divisor of 138991 and 2751.
131
Calculate the greatest common factor of 72 and 22594626.
18
What is the highest common factor of 344097 and 3417?
51
What is the highest common factor of 226005690 and 60?
30
Calculate the highest common divisor of 207 and 9713199.
69
What is the greatest common divisor of 692 and 1779997?
173
Calculate the highest common divisor of 996 and 1260604.
332
Calculate the greatest common divisor of 591815880 and 240.
120
Calculate the greatest common divisor of 78 and 16771521.
39
What is the highest common divisor of 2364 and 435635556?
2364
What is the greatest common divisor of 245 and 13392715?
35
What is the greatest common divisor of 36418982 and 57499?
4423
Calculate the highest common factor of 709303 and 9037.
7
Calculate the greatest common divisor of 349307901 and 846.
423
What is the highest common divisor of 320902434 and 54?
18
Calculate the highest common factor of 489271 and 372224.
727
What is the highest common divisor of 3619864 and 40?
8
Calculate the highest common factor of 167853 and 1659.
21
Calculate the greatest common factor of 426 and 203032026.
426
What is the highest common divisor of 1609 and 114169813?
1609
Calculate the highest common divisor of 1429236 and 290.
58
What is the highest common divisor of 5260376 and 4840?
88
What is the highest common factor of 8507656 and 16?
8
Calculate the greatest common factor of 2736 and 2804058.
342
Calculate the highest common factor of 9321 and 192114.
39
What is the highest common divisor of 22491989 and 13?
13
What is the greatest common factor of 3484611 and 27677?
13
What is the highest common factor of 1016300 and 1900?
100
What is the highest common factor of 838 and 7064759?
419
What is the greatest common factor of 41361 and 11067?
51
Calculate the highest common factor of 186040 and 79780.
20
What is the highest common divisor of 837027 and 108837?
783
Calculate the greatest common factor of 12767643 and 14.
7
What is the greatest common divisor of 126 and 130092?
6
Calculate the greatest common factor of 10228062 and 78.
78
What is the greatest common divisor of 32 and 93889064?
8
Calculate the greatest common factor of 143541 and 16974.
369
What is the greatest common factor of 1026 and 86434560?
54
What is the greatest 